. Let m = 26 + u. Does 10 divide m?
True
Let b(r) = -r**3 - 15*r**2 - 15*r + 6. Is b(-14) even?
True
Let f be (-1)/(-1*(-3)/(-183)). Suppose 2*r + 1 = f. Is r a multiple of 18?
False
Suppose -2*h - 2*m = 3*h - 26, -4*h = -m - 13. Let x = h + 2. Suppose x*a - a - 113 = -2*n, -3*a = -n + 29. Does 22 divide n?
True
Suppose -96 = 4*d + 3*u + 50, 4*d - 2*u + 156 = 0. Suppose -3*x - 4*l = -175, x + 3*l - 66 = -16. Let w = d + x. Is 18 a factor of w?
False
Let u = -9 + 13. Suppose -4*y = 5*f - 1, -3*f - 1 = 3*y - f. Let s = u - y. Is 3 a factor of s?
False
Let l(i) be the second derivative of 11*i**3/6 + i. Let n be l(3). Let z = 60 - n. Is 14 a factor of z?
False
Suppose 0 = 5*n, 2*d = -0*n + n. Suppose -4*j + 165 + 39 = d. Does 17 divide j?
True
Does 8 divide (12/10)/((-3)/(-20))?
True
Let u be 1688/(-12) - (-2)/(-6). Let n = u - -201. Is n a multiple of 20?
True
Let t(o) = -o**2 - 16*o + 26. Does 8 divide t(-17)?
False
Let a(r) be the first derivative of r**2/2 + 24*r + 1. Does 14 divide a(-10)?
True
Suppose -a - 12 = -4*a - 3*q, -5*a + 4*q = 16. Suppose -3*g + 67 = -5*f, a*g = -g + 5*f + 29. Is g a multiple of 6?
False
Let o(d) = -59*d**3 - d**2 - 2*d - 1. Let w be o(-1). Let f = -38 + w. Is f a multiple of 4?
False
Let z = -325 + 755. Suppose -p - z = -6*p. Is (-2)/7 - p/(-7) a multiple of 5?
False
Let o be (0 + 1 - 0) + 7. Suppose 28 + o = 4*b. Is b a multiple of 7?
False
Let z(b) = -b**2 - 2*b + 12. Let m(h) = 2*h**2 + 4*h - 23. Let r(i) = 3*m(i) + 5*z(i). Let q(n) = -n - 7. Let w be q(0). Is r(w) a multiple of 13?
True
Suppose -11*d + 468 + 335 = 0. Is d a multiple of 2?
False
Let f(y) = 22*y**2 + 2*y + 1. Let j(s) = -s**3 + 6*s**2 - 5*s - 1. Let a be j(5). Is 5 a factor of f(a)?
False
Let u be -6 + (2 - 0/3). Let r be (-24)/10 + u/(-10). Is 13*((-3)/(-1) + r) a multiple of 13?
True
Let h = 19 + -16. Is h a multiple of 2?
False
Let h be 90/(-11) + (-2)/(-11). Does 10 divide 4 + -2 - h*1?
True
Suppose 2*g = -5*k + 101, -g - g - 4*k = -106. Is 21 a factor of g?
True
Let t = 15 + 5. Let n = t + -4. Does 5 divide n?
False
Let k(j) = 5*j**2 - j - 1. Let f be k(1). Let a = f - -45. Does 16 divide a?
True
Suppose 5*v = 3*j - 31, 3*v - 17 = -5*j + 12. Is 17 a factor of (j/(-21))/((-1)/102)?
True
Let x(s) = 3*s**2 + 9*s - 37. Is 19 a factor of x(5)?
False
Let l(h) = 2*h + 3. Does 3 divide l(2)?
False
Let m(l) = -l**3 - 17*l**2 - l + 12. Is 24 a factor of m(-17)?
False
Let b(w) = -3*w + w + w + 14 - 4. Is b(7) a multiple of 3?
True
Suppose 6 = 2*z + z. Let i be (z - 3/(-3)) + 1. Suppose 0*d + d + 3 = -4*a, i*a - 23 = -3*d. Does 5 divide d?
False
Let z = -36 + 50. Is z a multiple of 14?
True
Suppose -5*n + 208 = -2*v, n + 2*v - 33 = -1. Is 4 a factor of n?
True
Suppose 3*i - 15 = -2*d, -i = -6*i + 25. Suppose 2*b = 4*b - 3*j - 51, 2*j - 10 = d. Is b a multiple of 17?
False
Let p be (-196)/(-16) + (-1)/4. Suppose 2 = -5*h + p. Suppose -75 = -3*o - h*o. Does 7 divide o?
False
Does 16 divide ((-1)/4*-2)/(4/512)?
True
Suppose w - 2*h = 74, 3*h + 75 - 6 = w. Is w a multiple of 28?
True
Let u(v) = -v**3 - 5*v**2 - 3*v + 6. Let x be u(-4). Does 3 divide ((-6)/(0 - x))/1?
True
Suppose -a - 2*k = -41, -a + 4*k = -62 + 15. Does 8 divide a?
False
Let d(f) = -6*f**3 - 2*f**2 + 2*f + 3. Is d(-2) a multiple of 27?
False
Let d be 4/8 + 34/4. Let x be 12/5*30/d. Suppose -3*j + x = 5*a - 42, -a = -j - 10. Is 10 a factor of a?
True
Let l(j) = -j**3 + 6*j**2 + 8*j. Suppose -4 = 2*h - 18. Is 7 a factor of l(h)?
True
Suppose 2*x - s - 6 = 1, -13 = -5*x + s. Does 28 divide 0/((-6)/x) - -64?
False
Let k(v) = v**2 + 8*v + 3. Let l(j) = j**3 - j**2 - 2*j. Let m be l(-2). Does 2 divide k(m)?
False
Let m = 781 - 267. Does 12 divide m?
False
Let v = 0 - 0. Let u(w) = w**2 + 6. Let a be u(v). Suppose -5*y + a = 2*m, 2*m - 5*y - 42 = -y. Is m a multiple of 13?
True
Let r(n) = -16*n**3 + 45*n**2 + 65*n + 10. Let d(q) = 3*q**3 - 9*q**2 - 13*q - 2. Let j(o) = -11*d(o) - 2*r(o). Let v = 9 - -1. Is j(v) a multiple of 16?
True
Let s be (-3)/(3/(-3) - 0). Suppose -2*i = 2*l - 6*i - 20, 0 = -s*i + 12. Does 9 divide l?
True
Let b(u) = -u**3 - 8*u**2 - 8*u - 2. Let w be b(-7). Suppose -2 = -2*d - 6. Let z = d + w. Is 3 a factor of z?
True
Let i(f) = -7*f - 2*f**2 - 7 + f + 3*f**2. Is 9 a factor of i(8)?
True
Does 21 divide ((-21)/9)/((-3)/54)?
True
Suppose 6*q = 4*q + 4, 0 = -5*x + 4*q + 22. Is 18 a factor of 126/7*x/2?
True
Suppose -j = -4*k - 0*k + 9, 4*k = -j - 9. Is 19 a factor of (-510)/j + 2/6?
True
Let p = -43 + 60. Let x = p - 9. Is 4 a factor of x?
True
Suppose 13*i - 396 = 10*i. Does 12 divide i?
True
Let s be (-1 - (-9)/6)*0. Let z(p) = p**3 - p**2 - p + 5. Let q be z(s). Suppose r = q*r - 36. Is r a multiple of 4?
False
Suppose -5*y = -1 - 4. Let s be 7*-1*(-1)/y. Suppose d - s = 5. Does 12 divide d?
True
Suppose -4*y = -0*y - 4. Does 2 divide (-1 + -1 + 5)*y?
False
Let g be -2*3/((-12)/22). Let n = g - 7. Suppose -n*p = 61 - 193. Is 11 a factor of p?
True
Suppose 59 = 3*x - 2*x. Is 12 a factor of x?
False
Let y(r) = r**3 - r**2 + 0*r**3 + r - 3*r**2 + 1. Let c be y(4). Suppose 1 = -c*v + 71. Does 7 divide v?
True
Let p = 27 - -131. Suppose x + x - p = 0. Is x a multiple of 23?
False
Suppose 4*c = 4*j - 44, -j + 23 = -0*c + 2*c. Let v be (-2)/2*1 + 12. Let f = j - v. Does 3 divide f?
False
Suppose 3*g = 5*t + 171, 3*g - 98 = g - 2*t. Suppose -g = 4*x - 2*x. Let a = 54 + x. Is 15 a factor of a?
False
Let h(j) be the third derivative of 1/12*j**5 - 1/12*j**4 + 0*j - 1/3*j**3 + 0 + 3*j**2. Is 11 a factor of h(2)?
False
Let o(r) be the first derivative of r**3/3 - r**2/2 + 2*r + 1. Let s be o(-3). Let f = 34 - s. Does 12 divide f?
False
Let l(a) = 3*a**2 - 2*a - 4. Suppose 5*d + 20 = d + 2*m, -3*m = -d - 10. Let k be l(d). Suppose -x + k = 3*x. Is x a multiple of 13?
True
Suppose -c = -3*c + 4, 3*u + 2*c - 13 = 0. Let g be (-4)/u*(-12)/8. Suppose -6*s + 84 = -g*s. Does 14 divide s?
False
Let d = -9 + 15. Suppose 0 = 2*g - d*g + 96. Does 24 divide g?
True
Let s be 24/(-6)*3/4. Let f be (6/2)/(-3)*s. Is f/6*0 - -41 a multiple of 18?
False
Let p(r) = -r**2 + 19*r + 21. Is 23 a factor of p(16)?
True
Let x be (-2)/11 + (-322)/(-77). Let g = 28 + x. Is g a multiple of 14?
False
Let d be 3/9 - (-5)/3. Let r(c) = -69*c**3 + 9*c**2 + 5*c - 7. Let y(n) = -35*n**3 + 4*n**2 + 2*n - 3. Let j(h) = d*r(h) - 5*y(h). Does 16 divide j(1)?
False
Let a(n) = n**3 - 3*n**2 - 5*n + 4. Let z be a(5). Let p = z + -15. Is p a multiple of 10?
False
Let k = 5 + -1. Suppose 63 - 7 = k*o. Is o a multiple of 5?
False
Suppose -m + f = -17, -3*m - 2*m + 81 = -4*f. Suppose -5*o + 17 = -m. Is (o/(-12))/(2/(-56)) a multiple of 7?
True
Let c = -123 - -339. Is 18 a factor of c?
True
Suppose 0 = -o + 3*z + 38, -2*o + 62 = z. Suppose -5*u = k + k - 41, 4*u - o = -2*k. Is 9 a factor of u?
True
Suppose -5*w = 2*h - 35, -26 = -3*h + h + 4*w. Does 2 divide h?
False
Let r(v) = v**3 - 6*v**2 + 8*v - 4. Does 11 divide r(6)?
True
Let l(v) = -55*v + 10. Is l(-2) a multiple of 12?
True
Suppose -5*b + 0*b - 4*s = -264, -5*b + 296 = -4*s. Does 28 divide b?
True
Suppose -3*u - 4*l + 41 = 0, 4*u - l - 61 = -0*u. Let r = u - -1. Does 16 divide r?
True
Let b = 587 - 265. Is 14 a factor of b?
True
Let v = 3 + -8. Let x be -8*(-5)/(v/(-6)). Suppose x + 24 = 3*s. Is s a multiple of 11?
False
Suppose b - 16 = -5. Let g = b + -6. Suppose -g*l + 47 = 4*s + 7, -l = -2*s + 6. Does 4 divide l?
True
Let u(s) = 2*s + 7. Let p be u(-8). Let x = -7 - p. Suppose 2*r = 3*j + 10, -3*r = -3*j - 13 - x. Is 3 a factor of r?
False
Let h = -9 + 8. Does 15 divide 6*h/2 - -18?
True
Let f(q) = -92*q**3 - q**2 + q - 1. Let a be f(1). Suppose 152 - 563 = 3*d. Let x = a - d. Is 20 a factor of x?
False
Suppose -p + 122 = p - 2*a, -3*p + 153 = 3*a. Does 14 divide p?
True
Suppose -3*a + 6 + 1 = 5*l, 12 = 4*a + 4*l. Let j(s) = s**2 + 2*s - 3. Let k be j(2). Does 3 divide a/10 - (-38)/k?
False
Let i = -28 - -15. Let c = i + 18. Suppose 0 = -p + 3*a + 14, 0*a - c*a = -5*p + 80. Is p a multiple of 8?
False
Let u(b) = -2*b - 1. Does 17 divide u(-9)?
True
Let g be -121*(-1 + 2 - 2). Suppose 5*p - 3*u = 389, 122 = 3*p + 3*u - g. Suppose 41 = 4*v - p. Is 10 a factor of v?
True
Let b(w) = w. Let g be b(1). Let z = 0 - g. Is (6/(-9))/(z/33) a multiple of 11?
True
Let y(f) =